{"id":330,"date":"2019-06-19T19:39:42","date_gmt":"2019-06-19T19:39:42","guid":{"rendered":"http:\/\/www.grubaart.pl\/?page_id=330"},"modified":"2019-09-17T19:12:37","modified_gmt":"2019-09-17T19:12:37","slug":"sala-zabaw-kic-kic-w-pruszczu-gdanskim","status":"publish","type":"page","link":"https:\/\/www.grubaart.pl\/index.php\/sala-zabaw-kic-kic-w-pruszczu-gdanskim\/","title":{"rendered":"Sala zabaw Kic-Kic w Pruszczu Gda\u0144skim"},"content":{"rendered":"\n<h5 class=\"wp-block-heading\" style=\"text-align:center\"> <br>Projekt aran\u017cacji pomieszcze\u0144 wraz z wykonaniem malunk\u00f3w artystycznych \u015bciennych. <\/h5>\n\n\n\n<div class=\"wp-block-image\"><figure class=\"aligncenter\"><img loading=\"lazy\" decoding=\"async\" width=\"1024\" height=\"768\" src=\"http:\/\/www.grubaart.pl\/wp-content\/uploads\/2019\/06\/SAM_2910-1024x768.jpg\" alt=\"\" class=\"wp-image-876\" srcset=\"https:\/\/www.grubaart.pl\/wp-content\/uploads\/2019\/06\/SAM_2910-1024x768.jpg 1024w, https:\/\/www.grubaart.pl\/wp-content\/uploads\/2019\/06\/SAM_2910-300x225.jpg 300w, https:\/\/www.grubaart.pl\/wp-content\/uploads\/2019\/06\/SAM_2910-768x576.jpg 768w, https:\/\/www.grubaart.pl\/wp-content\/uploads\/2019\/06\/SAM_2910-1440x1080.jpg 1440w\" sizes=\"auto, (max-width: 1024px) 100vw, 1024px\" \/><\/figure><\/div>\n\n\n\n<div class=\"wp-block-image\"><figure class=\"aligncenter\"><img loading=\"lazy\" decoding=\"async\" width=\"768\" height=\"1024\" src=\"http:\/\/www.grubaart.pl\/wp-content\/uploads\/2019\/06\/SAM_2974-768x1024.jpg\" alt=\"\" class=\"wp-image-879\" srcset=\"https:\/\/www.grubaart.pl\/wp-content\/uploads\/2019\/06\/SAM_2974-768x1024.jpg 768w, https:\/\/www.grubaart.pl\/wp-content\/uploads\/2019\/06\/SAM_2974-225x300.jpg 225w, https:\/\/www.grubaart.pl\/wp-content\/uploads\/2019\/06\/SAM_2974-1024x1365.jpg 1024w, https:\/\/www.grubaart.pl\/wp-content\/uploads\/2019\/06\/SAM_2974-810x1080.jpg 810w\" sizes=\"auto, (max-width: 768px) 100vw, 768px\" \/><\/figure><\/div>\n\n\n\n<div class=\"wp-block-image\"><figure class=\"aligncenter\"><img loading=\"lazy\" decoding=\"async\" width=\"1024\" height=\"768\" src=\"http:\/\/www.grubaart.pl\/wp-content\/uploads\/2019\/06\/SAM_2912-1024x768.jpg\" alt=\"\" class=\"wp-image-877\" srcset=\"https:\/\/www.grubaart.pl\/wp-content\/uploads\/2019\/06\/SAM_2912-1024x768.jpg 1024w, https:\/\/www.grubaart.pl\/wp-content\/uploads\/2019\/06\/SAM_2912-300x225.jpg 300w, https:\/\/www.grubaart.pl\/wp-content\/uploads\/2019\/06\/SAM_2912-768x576.jpg 768w, https:\/\/www.grubaart.pl\/wp-content\/uploads\/2019\/06\/SAM_2912-1440x1080.jpg 1440w\" sizes=\"auto, (max-width: 1024px) 100vw, 1024px\" \/><\/figure><\/div>\n\n\n\n<div class=\"wp-block-image\"><figure class=\"aligncenter\"><img loading=\"lazy\" decoding=\"async\" width=\"768\" height=\"1024\" src=\"http:\/\/www.grubaart.pl\/wp-content\/uploads\/2019\/06\/SAM_2928-768x1024.jpg\" alt=\"\" class=\"wp-image-878\" srcset=\"https:\/\/www.grubaart.pl\/wp-content\/uploads\/2019\/06\/SAM_2928-768x1024.jpg 768w, https:\/\/www.grubaart.pl\/wp-content\/uploads\/2019\/06\/SAM_2928-225x300.jpg 225w, https:\/\/www.grubaart.pl\/wp-content\/uploads\/2019\/06\/SAM_2928-1024x1365.jpg 1024w, https:\/\/www.grubaart.pl\/wp-content\/uploads\/2019\/06\/SAM_2928-810x1080.jpg 810w\" sizes=\"auto, (max-width: 768px) 100vw, 768px\" \/><\/figure><\/div>\n\n\n\n<div class=\"wp-block-image\"><figure class=\"aligncenter\"><img loading=\"lazy\" decoding=\"async\" width=\"747\" height=\"1024\" src=\"http:\/\/www.grubaart.pl\/wp-content\/uploads\/2019\/06\/2-2-1-747x1024.jpg\" alt=\"\" class=\"wp-image-887\" srcset=\"https:\/\/www.grubaart.pl\/wp-content\/uploads\/2019\/06\/2-2-1-747x1024.jpg 747w, https:\/\/www.grubaart.pl\/wp-content\/uploads\/2019\/06\/2-2-1-219x300.jpg 219w, https:\/\/www.grubaart.pl\/wp-content\/uploads\/2019\/06\/2-2-1-768x1052.jpg 768w, https:\/\/www.grubaart.pl\/wp-content\/uploads\/2019\/06\/2-2-1-1024x1403.jpg 1024w, https:\/\/www.grubaart.pl\/wp-content\/uploads\/2019\/06\/2-2-1-788x1080.jpg 788w\" sizes=\"auto, (max-width: 747px) 100vw, 747px\" \/><\/figure><\/div>\n\n\n\n<div class=\"wp-block-image\"><figure class=\"aligncenter\"><img loading=\"lazy\" decoding=\"async\" width=\"1024\" height=\"737\" src=\"http:\/\/www.grubaart.pl\/wp-content\/uploads\/2019\/06\/MG_7108-1024x737.jpg\" alt=\"\" class=\"wp-image-881\" srcset=\"https:\/\/www.grubaart.pl\/wp-content\/uploads\/2019\/06\/MG_7108-1024x737.jpg 1024w, https:\/\/www.grubaart.pl\/wp-content\/uploads\/2019\/06\/MG_7108-300x216.jpg 300w, https:\/\/www.grubaart.pl\/wp-content\/uploads\/2019\/06\/MG_7108-768x553.jpg 768w, https:\/\/www.grubaart.pl\/wp-content\/uploads\/2019\/06\/MG_7108-1500x1080.jpg 1500w\" sizes=\"auto, (max-width: 1024px) 100vw, 1024px\" \/><\/figure><\/div>\n\n\n\n<div class=\"wp-block-image\"><figure class=\"aligncenter\"><img loading=\"lazy\" decoding=\"async\" width=\"768\" height=\"1024\" src=\"http:\/\/www.grubaart.pl\/wp-content\/uploads\/2019\/06\/SAM_2904-768x1024.jpg\" alt=\"\" class=\"wp-image-875\" srcset=\"https:\/\/www.grubaart.pl\/wp-content\/uploads\/2019\/06\/SAM_2904-768x1024.jpg 768w, https:\/\/www.grubaart.pl\/wp-content\/uploads\/2019\/06\/SAM_2904-225x300.jpg 225w, https:\/\/www.grubaart.pl\/wp-content\/uploads\/2019\/06\/SAM_2904-1024x1365.jpg 1024w, https:\/\/www.grubaart.pl\/wp-content\/uploads\/2019\/06\/SAM_2904-810x1080.jpg 810w\" sizes=\"auto, (max-width: 768px) 100vw, 768px\" \/><\/figure><\/div>\n\n\n\n<div class=\"wp-block-image\"><figure class=\"aligncenter\"><img loading=\"lazy\" decoding=\"async\" width=\"776\" height=\"1024\" src=\"http:\/\/www.grubaart.pl\/wp-content\/uploads\/2019\/06\/3-2-1-776x1024.jpg\" alt=\"\" class=\"wp-image-892\" srcset=\"https:\/\/www.grubaart.pl\/wp-content\/uploads\/2019\/06\/3-2-1-776x1024.jpg 776w, https:\/\/www.grubaart.pl\/wp-content\/uploads\/2019\/06\/3-2-1-227x300.jpg 227w, https:\/\/www.grubaart.pl\/wp-content\/uploads\/2019\/06\/3-2-1-768x1013.jpg 768w, https:\/\/www.grubaart.pl\/wp-content\/uploads\/2019\/06\/3-2-1-1024x1350.jpg 1024w, https:\/\/www.grubaart.pl\/wp-content\/uploads\/2019\/06\/3-2-1-819x1080.jpg 819w\" sizes=\"auto, (max-width: 776px) 100vw, 776px\" \/><\/figure><\/div>\n\n\n\n<div class=\"wp-block-image\"><figure class=\"aligncenter\"><img loading=\"lazy\" decoding=\"async\" width=\"768\" height=\"1024\" src=\"http:\/\/www.grubaart.pl\/wp-content\/uploads\/2019\/06\/4-2-1-768x1024.jpg\" alt=\"\" class=\"wp-image-897\" srcset=\"https:\/\/www.grubaart.pl\/wp-content\/uploads\/2019\/06\/4-2-1-768x1024.jpg 768w, https:\/\/www.grubaart.pl\/wp-content\/uploads\/2019\/06\/4-2-1-225x300.jpg 225w, https:\/\/www.grubaart.pl\/wp-content\/uploads\/2019\/06\/4-2-1-1024x1365.jpg 1024w, https:\/\/www.grubaart.pl\/wp-content\/uploads\/2019\/06\/4-2-1-810x1080.jpg 810w\" sizes=\"auto, (max-width: 768px) 100vw, 768px\" \/><\/figure><\/div>\n\n\n\n<div class=\"wp-block-image\"><figure class=\"aligncenter\"><img loading=\"lazy\" decoding=\"async\" width=\"787\" height=\"1024\" src=\"http:\/\/www.grubaart.pl\/wp-content\/uploads\/2019\/06\/1-2-1-787x1024.jpg\" alt=\"\" class=\"wp-image-882\" srcset=\"https:\/\/www.grubaart.pl\/wp-content\/uploads\/2019\/06\/1-2-1-787x1024.jpg 787w, https:\/\/www.grubaart.pl\/wp-content\/uploads\/2019\/06\/1-2-1-231x300.jpg 231w, https:\/\/www.grubaart.pl\/wp-content\/uploads\/2019\/06\/1-2-1-768x999.jpg 768w, https:\/\/www.grubaart.pl\/wp-content\/uploads\/2019\/06\/1-2-1-1024x1332.jpg 1024w, https:\/\/www.grubaart.pl\/wp-content\/uploads\/2019\/06\/1-2-1-830x1080.jpg 830w\" sizes=\"auto, (max-width: 787px) 100vw, 787px\" \/><\/figure><\/div>\n\n\n\n<div class=\"wp-block-image\"><figure class=\"aligncenter\"><img loading=\"lazy\" decoding=\"async\" width=\"768\" height=\"1024\" src=\"http:\/\/www.grubaart.pl\/wp-content\/uploads\/2019\/06\/1-4-1-768x1024.jpg\" alt=\"\" class=\"wp-image-884\" srcset=\"https:\/\/www.grubaart.pl\/wp-content\/uploads\/2019\/06\/1-4-1-768x1024.jpg 768w, https:\/\/www.grubaart.pl\/wp-content\/uploads\/2019\/06\/1-4-1-225x300.jpg 225w, https:\/\/www.grubaart.pl\/wp-content\/uploads\/2019\/06\/1-4-1-1024x1365.jpg 1024w, https:\/\/www.grubaart.pl\/wp-content\/uploads\/2019\/06\/1-4-1-810x1080.jpg 810w\" sizes=\"auto, (max-width: 768px) 100vw, 768px\" \/><\/figure><\/div>\n\n\n\n<div class=\"wp-block-image\"><figure class=\"aligncenter\"><img loading=\"lazy\" decoding=\"async\" width=\"1024\" height=\"768\" src=\"http:\/\/www.grubaart.pl\/wp-content\/uploads\/2019\/06\/2-4-1-1024x768.jpg\" alt=\"\" class=\"wp-image-889\" srcset=\"https:\/\/www.grubaart.pl\/wp-content\/uploads\/2019\/06\/2-4-1-1024x768.jpg 1024w, https:\/\/www.grubaart.pl\/wp-content\/uploads\/2019\/06\/2-4-1-300x225.jpg 300w, https:\/\/www.grubaart.pl\/wp-content\/uploads\/2019\/06\/2-4-1-768x576.jpg 768w, https:\/\/www.grubaart.pl\/wp-content\/uploads\/2019\/06\/2-4-1-1440x1080.jpg 1440w\" sizes=\"auto, (max-width: 1024px) 100vw, 1024px\" \/><\/figure><\/div>\n\n\n\n<div class=\"wp-block-image\"><figure class=\"aligncenter\"><img loading=\"lazy\" decoding=\"async\" width=\"768\" height=\"1024\" src=\"http:\/\/www.grubaart.pl\/wp-content\/uploads\/2019\/06\/5-3-1-768x1024.jpg\" alt=\"\" class=\"wp-image-902\" srcset=\"https:\/\/www.grubaart.pl\/wp-content\/uploads\/2019\/06\/5-3-1-768x1024.jpg 768w, https:\/\/www.grubaart.pl\/wp-content\/uploads\/2019\/06\/5-3-1-225x300.jpg 225w, https:\/\/www.grubaart.pl\/wp-content\/uploads\/2019\/06\/5-3-1-1024x1365.jpg 1024w, https:\/\/www.grubaart.pl\/wp-content\/uploads\/2019\/06\/5-3-1-810x1080.jpg 810w\" sizes=\"auto, (max-width: 768px) 100vw, 768px\" \/><\/figure><\/div>\n\n\n\n<div class=\"wp-block-image\"><figure class=\"aligncenter\"><img loading=\"lazy\" decoding=\"async\" width=\"768\" height=\"1024\" src=\"http:\/\/www.grubaart.pl\/wp-content\/uploads\/2019\/06\/6-2-1-768x1024.jpg\" alt=\"\" class=\"wp-image-904\" srcset=\"https:\/\/www.grubaart.pl\/wp-content\/uploads\/2019\/06\/6-2-1-768x1024.jpg 768w, https:\/\/www.grubaart.pl\/wp-content\/uploads\/2019\/06\/6-2-1-225x300.jpg 225w, https:\/\/www.grubaart.pl\/wp-content\/uploads\/2019\/06\/6-2-1-1024x1365.jpg 1024w, https:\/\/www.grubaart.pl\/wp-content\/uploads\/2019\/06\/6-2-1-810x1080.jpg 810w\" sizes=\"auto, (max-width: 768px) 100vw, 768px\" \/><\/figure><\/div>\n\n\n\n<div class=\"wp-block-image\"><figure class=\"aligncenter\"><img loading=\"lazy\" decoding=\"async\" width=\"768\" height=\"1024\" src=\"http:\/\/www.grubaart.pl\/wp-content\/uploads\/2019\/06\/3-4-1-768x1024.jpg\" alt=\"\" class=\"wp-image-894\" srcset=\"https:\/\/www.grubaart.pl\/wp-content\/uploads\/2019\/06\/3-4-1-768x1024.jpg 768w, https:\/\/www.grubaart.pl\/wp-content\/uploads\/2019\/06\/3-4-1-225x300.jpg 225w, https:\/\/www.grubaart.pl\/wp-content\/uploads\/2019\/06\/3-4-1-1024x1365.jpg 1024w, https:\/\/www.grubaart.pl\/wp-content\/uploads\/2019\/06\/3-4-1-810x1080.jpg 810w\" sizes=\"auto, (max-width: 768px) 100vw, 768px\" \/><\/figure><\/div>\n\n\n\n<div class=\"wp-block-image\"><figure class=\"aligncenter\"><img loading=\"lazy\" decoding=\"async\" width=\"1024\" height=\"709\" src=\"http:\/\/www.grubaart.pl\/wp-content\/uploads\/2019\/06\/4-4-1-1024x709.jpg\" alt=\"\" class=\"wp-image-899\" srcset=\"https:\/\/www.grubaart.pl\/wp-content\/uploads\/2019\/06\/4-4-1-1024x709.jpg 1024w, https:\/\/www.grubaart.pl\/wp-content\/uploads\/2019\/06\/4-4-1-300x208.jpg 300w, https:\/\/www.grubaart.pl\/wp-content\/uploads\/2019\/06\/4-4-1-768x532.jpg 768w, https:\/\/www.grubaart.pl\/wp-content\/uploads\/2019\/06\/4-4-1-1560x1080.jpg 1560w\" sizes=\"auto, (max-width: 1024px) 100vw, 1024px\" \/><\/figure><\/div>\n\n\n\n<div class=\"wp-block-image\"><figure class=\"aligncenter\"><img loading=\"lazy\" decoding=\"async\" width=\"1024\" height=\"777\" src=\"http:\/\/www.grubaart.pl\/wp-content\/uploads\/2019\/06\/4-3-1-1024x777.jpg\" alt=\"\" class=\"wp-image-898\" srcset=\"https:\/\/www.grubaart.pl\/wp-content\/uploads\/2019\/06\/4-3-1-1024x777.jpg 1024w, https:\/\/www.grubaart.pl\/wp-content\/uploads\/2019\/06\/4-3-1-300x228.jpg 300w, https:\/\/www.grubaart.pl\/wp-content\/uploads\/2019\/06\/4-3-1-768x583.jpg 768w, https:\/\/www.grubaart.pl\/wp-content\/uploads\/2019\/06\/4-3-1-1423x1080.jpg 1423w\" sizes=\"auto, (max-width: 1024px) 100vw, 1024px\" \/><\/figure><\/div>\n\n\n\n<div class=\"wp-block-image\"><figure class=\"aligncenter\"><img loading=\"lazy\" decoding=\"async\" width=\"768\" height=\"1024\" src=\"http:\/\/www.grubaart.pl\/wp-content\/uploads\/2019\/06\/3-3-1-768x1024.jpg\" alt=\"\" class=\"wp-image-893\" srcset=\"https:\/\/www.grubaart.pl\/wp-content\/uploads\/2019\/06\/3-3-1-768x1024.jpg 768w, https:\/\/www.grubaart.pl\/wp-content\/uploads\/2019\/06\/3-3-1-225x300.jpg 225w, https:\/\/www.grubaart.pl\/wp-content\/uploads\/2019\/06\/3-3-1-1024x1365.jpg 1024w, https:\/\/www.grubaart.pl\/wp-content\/uploads\/2019\/06\/3-3-1-810x1080.jpg 810w\" sizes=\"auto, (max-width: 768px) 100vw, 768px\" \/><\/figure><\/div>\n\n\n\n<div class=\"wp-block-image\"><figure class=\"aligncenter\"><img loading=\"lazy\" decoding=\"async\" width=\"725\" height=\"1024\" src=\"http:\/\/www.grubaart.pl\/wp-content\/uploads\/2019\/06\/5-2-1-725x1024.jpg\" alt=\"\" class=\"wp-image-901\" srcset=\"https:\/\/www.grubaart.pl\/wp-content\/uploads\/2019\/06\/5-2-1-725x1024.jpg 725w, https:\/\/www.grubaart.pl\/wp-content\/uploads\/2019\/06\/5-2-1-213x300.jpg 213w, https:\/\/www.grubaart.pl\/wp-content\/uploads\/2019\/06\/5-2-1-768x1084.jpg 768w, https:\/\/www.grubaart.pl\/wp-content\/uploads\/2019\/06\/5-2-1-1024x1446.jpg 1024w, https:\/\/www.grubaart.pl\/wp-content\/uploads\/2019\/06\/5-2-1-765x1080.jpg 765w\" sizes=\"auto, (max-width: 725px) 100vw, 725px\" \/><\/figure><\/div>\n\n\n\n<div class=\"wp-block-image\"><figure class=\"aligncenter\"><img loading=\"lazy\" decoding=\"async\" width=\"768\" height=\"1024\" src=\"http:\/\/www.grubaart.pl\/wp-content\/uploads\/2019\/06\/2-3-1-768x1024.jpg\" alt=\"\" class=\"wp-image-888\" srcset=\"https:\/\/www.grubaart.pl\/wp-content\/uploads\/2019\/06\/2-3-1-768x1024.jpg 768w, https:\/\/www.grubaart.pl\/wp-content\/uploads\/2019\/06\/2-3-1-225x300.jpg 225w, https:\/\/www.grubaart.pl\/wp-content\/uploads\/2019\/06\/2-3-1-1024x1365.jpg 1024w, https:\/\/www.grubaart.pl\/wp-content\/uploads\/2019\/06\/2-3-1-810x1080.jpg 810w\" sizes=\"auto, (max-width: 768px) 100vw, 768px\" \/><\/figure><\/div>\n\n\n\n<div class=\"wp-block-image\"><figure class=\"aligncenter\"><img loading=\"lazy\" decoding=\"async\" width=\"1024\" height=\"660\" src=\"http:\/\/www.grubaart.pl\/wp-content\/uploads\/2019\/06\/1-3-1-1024x660.jpg\" alt=\"\" class=\"wp-image-883\" srcset=\"https:\/\/www.grubaart.pl\/wp-content\/uploads\/2019\/06\/1-3-1-1024x660.jpg 1024w, https:\/\/www.grubaart.pl\/wp-content\/uploads\/2019\/06\/1-3-1-300x193.jpg 300w, https:\/\/www.grubaart.pl\/wp-content\/uploads\/2019\/06\/1-3-1-768x495.jpg 768w, https:\/\/www.grubaart.pl\/wp-content\/uploads\/2019\/06\/1-3-1-1677x1080.jpg 1677w\" sizes=\"auto, (max-width: 1024px) 100vw, 1024px\" \/><\/figure><\/div>\n\n\n\n<figure class=\"wp-block-image\"><img loading=\"lazy\" decoding=\"async\" width=\"1024\" height=\"789\" src=\"http:\/\/www.grubaart.pl\/wp-content\/uploads\/2019\/06\/MG_7100-1024x789.jpg\" alt=\"\" class=\"wp-image-880\" srcset=\"https:\/\/www.grubaart.pl\/wp-content\/uploads\/2019\/06\/MG_7100-1024x789.jpg 1024w, https:\/\/www.grubaart.pl\/wp-content\/uploads\/2019\/06\/MG_7100-300x231.jpg 300w, https:\/\/www.grubaart.pl\/wp-content\/uploads\/2019\/06\/MG_7100-768x592.jpg 768w, https:\/\/www.grubaart.pl\/wp-content\/uploads\/2019\/06\/MG_7100-1402x1080.jpg 1402w\" sizes=\"auto, (max-width: 1024px) 100vw, 1024px\" \/><\/figure>\n\n\n\n<div class=\"wp-block-image\"><figure class=\"aligncenter\"><img loading=\"lazy\" decoding=\"async\" width=\"768\" height=\"1024\" src=\"http:\/\/www.grubaart.pl\/wp-content\/uploads\/2019\/06\/SAM_2816-768x1024.jpg\" alt=\"\" class=\"wp-image-873\" srcset=\"https:\/\/www.grubaart.pl\/wp-content\/uploads\/2019\/06\/SAM_2816-768x1024.jpg 768w, https:\/\/www.grubaart.pl\/wp-content\/uploads\/2019\/06\/SAM_2816-225x300.jpg 225w, https:\/\/www.grubaart.pl\/wp-content\/uploads\/2019\/06\/SAM_2816-1024x1365.jpg 1024w, https:\/\/www.grubaart.pl\/wp-content\/uploads\/2019\/06\/SAM_2816-810x1080.jpg 810w\" sizes=\"auto, (max-width: 768px) 100vw, 768px\" \/><\/figure><\/div>\n\n\n\n<div class=\"wp-block-image\"><figure class=\"aligncenter\"><img loading=\"lazy\" decoding=\"async\" width=\"1024\" height=\"776\" src=\"http:\/\/www.grubaart.pl\/wp-content\/uploads\/2019\/06\/SAM_2813-1024x776.jpg\" alt=\"\" class=\"wp-image-872\" srcset=\"https:\/\/www.grubaart.pl\/wp-content\/uploads\/2019\/06\/SAM_2813-1024x776.jpg 1024w, https:\/\/www.grubaart.pl\/wp-content\/uploads\/2019\/06\/SAM_2813-300x227.jpg 300w, https:\/\/www.grubaart.pl\/wp-content\/uploads\/2019\/06\/SAM_2813-768x582.jpg 768w, https:\/\/www.grubaart.pl\/wp-content\/uploads\/2019\/06\/SAM_2813-1425x1080.jpg 1425w\" sizes=\"auto, (max-width: 1024px) 100vw, 1024px\" \/><\/figure><\/div>\n\n\n\n<div class=\"wp-block-image\"><figure class=\"aligncenter\"><img loading=\"lazy\" decoding=\"async\" width=\"768\" height=\"1024\" src=\"http:\/\/www.grubaart.pl\/wp-content\/uploads\/2019\/06\/SAM_2821-768x1024.jpg\" alt=\"\" class=\"wp-image-874\" srcset=\"https:\/\/www.grubaart.pl\/wp-content\/uploads\/2019\/06\/SAM_2821-768x1024.jpg 768w, https:\/\/www.grubaart.pl\/wp-content\/uploads\/2019\/06\/SAM_2821-225x300.jpg 225w, https:\/\/www.grubaart.pl\/wp-content\/uploads\/2019\/06\/SAM_2821-1024x1365.jpg 1024w, https:\/\/www.grubaart.pl\/wp-content\/uploads\/2019\/06\/SAM_2821-810x1080.jpg 810w\" sizes=\"auto, (max-width: 768px) 100vw, 768px\" \/><\/figure><\/div>\n\n\n\n<div class=\"wp-block-image\"><figure class=\"aligncenter\"><img loading=\"lazy\" decoding=\"async\" width=\"1024\" height=\"683\" src=\"http:\/\/www.grubaart.pl\/wp-content\/uploads\/2019\/06\/4-5-1024x683.jpg\" alt=\"\" class=\"wp-image-900\" srcset=\"https:\/\/www.grubaart.pl\/wp-content\/uploads\/2019\/06\/4-5-1024x683.jpg 1024w, https:\/\/www.grubaart.pl\/wp-content\/uploads\/2019\/06\/4-5-300x200.jpg 300w, https:\/\/www.grubaart.pl\/wp-content\/uploads\/2019\/06\/4-5-768x512.jpg 768w, https:\/\/www.grubaart.pl\/wp-content\/uploads\/2019\/06\/4-5-1620x1080.jpg 1620w\" sizes=\"auto, (max-width: 1024px) 100vw, 1024px\" \/><\/figure><\/div>\n\n\n\n<div class=\"wp-block-image\"><figure class=\"aligncenter\"><img loading=\"lazy\" decoding=\"async\" width=\"1024\" height=\"654\" src=\"http:\/\/www.grubaart.pl\/wp-content\/uploads\/2019\/06\/3-7-1024x654.jpg\" alt=\"\" class=\"wp-image-896\" srcset=\"https:\/\/www.grubaart.pl\/wp-content\/uploads\/2019\/06\/3-7-1024x654.jpg 1024w, https:\/\/www.grubaart.pl\/wp-content\/uploads\/2019\/06\/3-7-300x192.jpg 300w, https:\/\/www.grubaart.pl\/wp-content\/uploads\/2019\/06\/3-7-768x491.jpg 768w, https:\/\/www.grubaart.pl\/wp-content\/uploads\/2019\/06\/3-7-1691x1080.jpg 1691w\" sizes=\"auto, (max-width: 1024px) 100vw, 1024px\" \/><\/figure><\/div>\n\n\n\n<div class=\"wp-block-image\"><figure class=\"aligncenter\"><img loading=\"lazy\" decoding=\"async\" width=\"768\" height=\"1024\" src=\"http:\/\/www.grubaart.pl\/wp-content\/uploads\/2019\/06\/5-6-768x1024.jpg\" alt=\"\" class=\"wp-image-903\" srcset=\"https:\/\/www.grubaart.pl\/wp-content\/uploads\/2019\/06\/5-6-768x1024.jpg 768w, https:\/\/www.grubaart.pl\/wp-content\/uploads\/2019\/06\/5-6-225x300.jpg 225w, https:\/\/www.grubaart.pl\/wp-content\/uploads\/2019\/06\/5-6-1024x1365.jpg 1024w, https:\/\/www.grubaart.pl\/wp-content\/uploads\/2019\/06\/5-6-810x1080.jpg 810w\" sizes=\"auto, (max-width: 768px) 100vw, 768px\" \/><\/figure><\/div>\n\n\n\n<div class=\"wp-block-image\"><figure class=\"aligncenter\"><img loading=\"lazy\" decoding=\"async\" width=\"1024\" height=\"683\" src=\"http:\/\/www.grubaart.pl\/wp-content\/uploads\/2019\/06\/2-6-1024x683.jpg\" alt=\"\" class=\"wp-image-891\" srcset=\"https:\/\/www.grubaart.pl\/wp-content\/uploads\/2019\/06\/2-6-1024x683.jpg 1024w, https:\/\/www.grubaart.pl\/wp-content\/uploads\/2019\/06\/2-6-300x200.jpg 300w, https:\/\/www.grubaart.pl\/wp-content\/uploads\/2019\/06\/2-6-768x512.jpg 768w, https:\/\/www.grubaart.pl\/wp-content\/uploads\/2019\/06\/2-6-1620x1080.jpg 1620w\" sizes=\"auto, (max-width: 1024px) 100vw, 1024px\" \/><\/figure><\/div>\n\n\n\n<div class=\"wp-block-image\"><figure class=\"aligncenter\"><img loading=\"lazy\" decoding=\"async\" width=\"1024\" height=\"683\" src=\"http:\/\/www.grubaart.pl\/wp-content\/uploads\/2019\/06\/1-6-1024x683.jpg\" alt=\"\" class=\"wp-image-886\" srcset=\"https:\/\/www.grubaart.pl\/wp-content\/uploads\/2019\/06\/1-6-1024x683.jpg 1024w, https:\/\/www.grubaart.pl\/wp-content\/uploads\/2019\/06\/1-6-300x200.jpg 300w, https:\/\/www.grubaart.pl\/wp-content\/uploads\/2019\/06\/1-6-768x512.jpg 768w, https:\/\/www.grubaart.pl\/wp-content\/uploads\/2019\/06\/1-6-1620x1080.jpg 1620w\" sizes=\"auto, (max-width: 1024px) 100vw, 1024px\" \/><\/figure><\/div>\n\n\n\n<div class=\"wp-block-image\"><figure class=\"aligncenter\"><img loading=\"lazy\" decoding=\"async\" width=\"739\" height=\"1024\" src=\"http:\/\/www.grubaart.pl\/wp-content\/uploads\/2019\/06\/1-5-1-739x1024.jpg\" alt=\"\" class=\"wp-image-885\" srcset=\"https:\/\/www.grubaart.pl\/wp-content\/uploads\/2019\/06\/1-5-1-739x1024.jpg 739w, https:\/\/www.grubaart.pl\/wp-content\/uploads\/2019\/06\/1-5-1-217x300.jpg 217w, https:\/\/www.grubaart.pl\/wp-content\/uploads\/2019\/06\/1-5-1-768x1064.jpg 768w, https:\/\/www.grubaart.pl\/wp-content\/uploads\/2019\/06\/1-5-1-1024x1419.jpg 1024w, https:\/\/www.grubaart.pl\/wp-content\/uploads\/2019\/06\/1-5-1-780x1080.jpg 780w\" sizes=\"auto, (max-width: 739px) 100vw, 739px\" \/><\/figure><\/div>\n\n\n\n<div class=\"wp-block-image\"><figure class=\"aligncenter\"><img loading=\"lazy\" decoding=\"async\" width=\"1024\" height=\"756\" src=\"http:\/\/www.grubaart.pl\/wp-content\/uploads\/2019\/06\/2-5-1-1024x756.jpg\" alt=\"\" class=\"wp-image-890\" srcset=\"https:\/\/www.grubaart.pl\/wp-content\/uploads\/2019\/06\/2-5-1-1024x756.jpg 1024w, https:\/\/www.grubaart.pl\/wp-content\/uploads\/2019\/06\/2-5-1-300x221.jpg 300w, https:\/\/www.grubaart.pl\/wp-content\/uploads\/2019\/06\/2-5-1-768x567.jpg 768w, https:\/\/www.grubaart.pl\/wp-content\/uploads\/2019\/06\/2-5-1-1464x1080.jpg 1464w\" sizes=\"auto, (max-width: 1024px) 100vw, 1024px\" \/><\/figure><\/div>\n\n\n\n<div class=\"wp-block-image\"><figure class=\"aligncenter\"><img loading=\"lazy\" decoding=\"async\" width=\"768\" height=\"1024\" src=\"http:\/\/www.grubaart.pl\/wp-content\/uploads\/2019\/06\/3-5-1-768x1024.jpg\" alt=\"\" class=\"wp-image-895\" srcset=\"https:\/\/www.grubaart.pl\/wp-content\/uploads\/2019\/06\/3-5-1-768x1024.jpg 768w, https:\/\/www.grubaart.pl\/wp-content\/uploads\/2019\/06\/3-5-1-225x300.jpg 225w, https:\/\/www.grubaart.pl\/wp-content\/uploads\/2019\/06\/3-5-1-1024x1365.jpg 1024w, https:\/\/www.grubaart.pl\/wp-content\/uploads\/2019\/06\/3-5-1-810x1080.jpg 810w\" sizes=\"auto, (max-width: 768px) 100vw, 768px\" \/><\/figure><\/div>\n","protected":false},"excerpt":{"rendered":"<p>Projekt aran\u017cacji pomieszcze\u0144 wraz z wykonaniem malunk\u00f3w artystycznych \u015bciennych.<\/p>\n","protected":false},"author":1,"featured_media":914,"parent":0,"menu_order":0,"comment_status":"closed","ping_status":"closed","template":"","meta":{"footnotes":""},"class_list":["post-330","page","type-page","status-publish","has-post-thumbnail","hentry"],"_links":{"self":[{"href":"https:\/\/www.grubaart.pl\/index.php\/wp-json\/wp\/v2\/pages\/330","targetHints":{"allow":["GET"]}}],"collection":[{"href":"https:\/\/www.grubaart.pl\/index.php\/wp-json\/wp\/v2\/pages"}],"about":[{"href":"https:\/\/www.grubaart.pl\/index.php\/wp-json\/wp\/v2\/types\/page"}],"author":[{"embeddable":true,"href":"https:\/\/www.grubaart.pl\/index.php\/wp-json\/wp\/v2\/users\/1"}],"replies":[{"embeddable":true,"href":"https:\/\/www.grubaart.pl\/index.php\/wp-json\/wp\/v2\/comments?post=330"}],"version-history":[{"count":3,"href":"https:\/\/www.grubaart.pl\/index.php\/wp-json\/wp\/v2\/pages\/330\/revisions"}],"predecessor-version":[{"id":1147,"href":"https:\/\/www.grubaart.pl\/index.php\/wp-json\/wp\/v2\/pages\/330\/revisions\/1147"}],"wp:featuredmedia":[{"embeddable":true,"href":"https:\/\/www.grubaart.pl\/index.php\/wp-json\/wp\/v2\/media\/914"}],"wp:attachment":[{"href":"https:\/\/www.grubaart.pl\/index.php\/wp-json\/wp\/v2\/media?parent=330"}],"curies":[{"name":"wp","href":"https:\/\/api.w.org\/{rel}","templated":true}]}}