{"id":326,"date":"2019-06-19T19:38:53","date_gmt":"2019-06-19T19:38:53","guid":{"rendered":"http:\/\/www.grubaart.pl\/?page_id=326"},"modified":"2019-09-17T19:13:18","modified_gmt":"2019-09-17T19:13:18","slug":"stolowka-szkolna-w-kartuzach","status":"publish","type":"page","link":"https:\/\/www.grubaart.pl\/index.php\/stolowka-szkolna-w-kartuzach\/","title":{"rendered":"Sto\u0142\u00f3wka szkolna w Kartuzach"},"content":{"rendered":"\n<h5 class=\"wp-block-heading\" style=\"text-align:center\"> <br>Projekt aran\u017cacji sto\u0142\u00f3wki szkolnej &#8211; na etapie realizacji.<\/h5>\n\n\n\n<div class=\"wp-block-image\"><figure class=\"aligncenter\"><img loading=\"lazy\" decoding=\"async\" width=\"1024\" height=\"728\" src=\"http:\/\/www.grubaart.pl\/wp-content\/uploads\/2019\/06\/KORYTARZ-1-1024x728.jpg\" alt=\"\" class=\"wp-image-932\" srcset=\"https:\/\/www.grubaart.pl\/wp-content\/uploads\/2019\/06\/KORYTARZ-1-1024x728.jpg 1024w, https:\/\/www.grubaart.pl\/wp-content\/uploads\/2019\/06\/KORYTARZ-1-300x213.jpg 300w, https:\/\/www.grubaart.pl\/wp-content\/uploads\/2019\/06\/KORYTARZ-1-768x546.jpg 768w, https:\/\/www.grubaart.pl\/wp-content\/uploads\/2019\/06\/KORYTARZ-1-1519x1080.jpg 1519w, https:\/\/www.grubaart.pl\/wp-content\/uploads\/2019\/06\/KORYTARZ-1.jpg 2000w\" sizes=\"auto, (max-width: 1024px) 100vw, 1024px\" \/><\/figure><\/div>\n\n\n\n<div class=\"wp-block-image\"><figure class=\"aligncenter\"><img loading=\"lazy\" decoding=\"async\" width=\"1024\" height=\"784\" src=\"http:\/\/www.grubaart.pl\/wp-content\/uploads\/2019\/06\/SALA-1-3-1024x784.jpg\" alt=\"\" class=\"wp-image-933\" srcset=\"https:\/\/www.grubaart.pl\/wp-content\/uploads\/2019\/06\/SALA-1-3-1024x784.jpg 1024w, https:\/\/www.grubaart.pl\/wp-content\/uploads\/2019\/06\/SALA-1-3-300x230.jpg 300w, https:\/\/www.grubaart.pl\/wp-content\/uploads\/2019\/06\/SALA-1-3-768x588.jpg 768w, https:\/\/www.grubaart.pl\/wp-content\/uploads\/2019\/06\/SALA-1-3-1411x1080.jpg 1411w, https:\/\/www.grubaart.pl\/wp-content\/uploads\/2019\/06\/SALA-1-3.jpg 2044w\" sizes=\"auto, (max-width: 1024px) 100vw, 1024px\" \/><\/figure><\/div>\n\n\n\n<div class=\"wp-block-image\"><figure class=\"aligncenter\"><img loading=\"lazy\" decoding=\"async\" width=\"1024\" height=\"784\" src=\"http:\/\/www.grubaart.pl\/wp-content\/uploads\/2019\/06\/SALA-1-4-1024x784.jpg\" alt=\"\" class=\"wp-image-934\" srcset=\"https:\/\/www.grubaart.pl\/wp-content\/uploads\/2019\/06\/SALA-1-4-1024x784.jpg 1024w, https:\/\/www.grubaart.pl\/wp-content\/uploads\/2019\/06\/SALA-1-4-300x230.jpg 300w, https:\/\/www.grubaart.pl\/wp-content\/uploads\/2019\/06\/SALA-1-4-768x588.jpg 768w, https:\/\/www.grubaart.pl\/wp-content\/uploads\/2019\/06\/SALA-1-4-1411x1080.jpg 1411w, https:\/\/www.grubaart.pl\/wp-content\/uploads\/2019\/06\/SALA-1-4.jpg 2044w\" sizes=\"auto, (max-width: 1024px) 100vw, 1024px\" \/><\/figure><\/div>\n\n\n\n<div class=\"wp-block-image\"><figure class=\"aligncenter\"><img loading=\"lazy\" decoding=\"async\" width=\"1024\" height=\"784\" src=\"http:\/\/www.grubaart.pl\/wp-content\/uploads\/2019\/06\/SALA-1-5-1024x784.jpg\" alt=\"\" class=\"wp-image-935\" srcset=\"https:\/\/www.grubaart.pl\/wp-content\/uploads\/2019\/06\/SALA-1-5-1024x784.jpg 1024w, https:\/\/www.grubaart.pl\/wp-content\/uploads\/2019\/06\/SALA-1-5-300x230.jpg 300w, https:\/\/www.grubaart.pl\/wp-content\/uploads\/2019\/06\/SALA-1-5-768x588.jpg 768w, https:\/\/www.grubaart.pl\/wp-content\/uploads\/2019\/06\/SALA-1-5-1411x1080.jpg 1411w, https:\/\/www.grubaart.pl\/wp-content\/uploads\/2019\/06\/SALA-1-5.jpg 2044w\" sizes=\"auto, (max-width: 1024px) 100vw, 1024px\" \/><\/figure><\/div>\n\n\n\n<div class=\"wp-block-image\"><figure class=\"aligncenter\"><img loading=\"lazy\" decoding=\"async\" width=\"1024\" height=\"784\" src=\"http:\/\/www.grubaart.pl\/wp-content\/uploads\/2019\/06\/SALA-2-3-1024x784.jpg\" alt=\"\" class=\"wp-image-936\" srcset=\"https:\/\/www.grubaart.pl\/wp-content\/uploads\/2019\/06\/SALA-2-3-1024x784.jpg 1024w, https:\/\/www.grubaart.pl\/wp-content\/uploads\/2019\/06\/SALA-2-3-300x230.jpg 300w, https:\/\/www.grubaart.pl\/wp-content\/uploads\/2019\/06\/SALA-2-3-768x588.jpg 768w, https:\/\/www.grubaart.pl\/wp-content\/uploads\/2019\/06\/SALA-2-3-1411x1080.jpg 1411w, https:\/\/www.grubaart.pl\/wp-content\/uploads\/2019\/06\/SALA-2-3.jpg 2044w\" sizes=\"auto, (max-width: 1024px) 100vw, 1024px\" \/><\/figure><\/div>\n\n\n\n<div class=\"wp-block-image\"><figure class=\"aligncenter\"><img loading=\"lazy\" decoding=\"async\" width=\"1024\" height=\"784\" src=\"http:\/\/www.grubaart.pl\/wp-content\/uploads\/2019\/06\/SALA-2-4-1024x784.jpg\" alt=\"\" class=\"wp-image-937\" srcset=\"https:\/\/www.grubaart.pl\/wp-content\/uploads\/2019\/06\/SALA-2-4-1024x784.jpg 1024w, https:\/\/www.grubaart.pl\/wp-content\/uploads\/2019\/06\/SALA-2-4-300x230.jpg 300w, https:\/\/www.grubaart.pl\/wp-content\/uploads\/2019\/06\/SALA-2-4-768x588.jpg 768w, https:\/\/www.grubaart.pl\/wp-content\/uploads\/2019\/06\/SALA-2-4-1411x1080.jpg 1411w, https:\/\/www.grubaart.pl\/wp-content\/uploads\/2019\/06\/SALA-2-4.jpg 2044w\" sizes=\"auto, (max-width: 1024px) 100vw, 1024px\" \/><\/figure><\/div>\n\n\n\n<div class=\"wp-block-image\"><figure class=\"aligncenter\"><img loading=\"lazy\" decoding=\"async\" width=\"1024\" height=\"784\" src=\"http:\/\/www.grubaart.pl\/wp-content\/uploads\/2019\/06\/SALA-2-5-1024x784.jpg\" alt=\"\" class=\"wp-image-938\" srcset=\"https:\/\/www.grubaart.pl\/wp-content\/uploads\/2019\/06\/SALA-2-5-1024x784.jpg 1024w, https:\/\/www.grubaart.pl\/wp-content\/uploads\/2019\/06\/SALA-2-5-300x230.jpg 300w, https:\/\/www.grubaart.pl\/wp-content\/uploads\/2019\/06\/SALA-2-5-768x588.jpg 768w, https:\/\/www.grubaart.pl\/wp-content\/uploads\/2019\/06\/SALA-2-5-1411x1080.jpg 1411w, https:\/\/www.grubaart.pl\/wp-content\/uploads\/2019\/06\/SALA-2-5.jpg 2044w\" sizes=\"auto, (max-width: 1024px) 100vw, 1024px\" \/><\/figure><\/div>\n\n\n\n<div class=\"wp-block-image\"><figure class=\"aligncenter\"><img loading=\"lazy\" decoding=\"async\" width=\"1024\" height=\"784\" src=\"http:\/\/www.grubaart.pl\/wp-content\/uploads\/2019\/06\/SALA-3-4-1024x784.jpg\" alt=\"\" class=\"wp-image-939\" srcset=\"https:\/\/www.grubaart.pl\/wp-content\/uploads\/2019\/06\/SALA-3-4-1024x784.jpg 1024w, https:\/\/www.grubaart.pl\/wp-content\/uploads\/2019\/06\/SALA-3-4-300x230.jpg 300w, https:\/\/www.grubaart.pl\/wp-content\/uploads\/2019\/06\/SALA-3-4-768x588.jpg 768w, https:\/\/www.grubaart.pl\/wp-content\/uploads\/2019\/06\/SALA-3-4-1411x1080.jpg 1411w, https:\/\/www.grubaart.pl\/wp-content\/uploads\/2019\/06\/SALA-3-4.jpg 2044w\" sizes=\"auto, (max-width: 1024px) 100vw, 1024px\" \/><\/figure><\/div>\n\n\n\n<div class=\"wp-block-image\"><figure class=\"aligncenter\"><img loading=\"lazy\" decoding=\"async\" width=\"1024\" height=\"784\" src=\"http:\/\/www.grubaart.pl\/wp-content\/uploads\/2019\/06\/SALA-3-5-1024x784.jpg\" alt=\"\" class=\"wp-image-940\" srcset=\"https:\/\/www.grubaart.pl\/wp-content\/uploads\/2019\/06\/SALA-3-5-1024x784.jpg 1024w, https:\/\/www.grubaart.pl\/wp-content\/uploads\/2019\/06\/SALA-3-5-300x230.jpg 300w, https:\/\/www.grubaart.pl\/wp-content\/uploads\/2019\/06\/SALA-3-5-768x588.jpg 768w, https:\/\/www.grubaart.pl\/wp-content\/uploads\/2019\/06\/SALA-3-5-1411x1080.jpg 1411w, https:\/\/www.grubaart.pl\/wp-content\/uploads\/2019\/06\/SALA-3-5.jpg 2044w\" sizes=\"auto, (max-width: 1024px) 100vw, 1024px\" \/><\/figure><\/div>\n\n\n\n<div class=\"wp-block-image\"><figure class=\"aligncenter\"><img loading=\"lazy\" decoding=\"async\" width=\"1024\" height=\"784\" src=\"http:\/\/www.grubaart.pl\/wp-content\/uploads\/2019\/06\/SALA-3-6-1024x784.jpg\" alt=\"\" class=\"wp-image-941\" srcset=\"https:\/\/www.grubaart.pl\/wp-content\/uploads\/2019\/06\/SALA-3-6-1024x784.jpg 1024w, https:\/\/www.grubaart.pl\/wp-content\/uploads\/2019\/06\/SALA-3-6-300x230.jpg 300w, https:\/\/www.grubaart.pl\/wp-content\/uploads\/2019\/06\/SALA-3-6-768x588.jpg 768w, https:\/\/www.grubaart.pl\/wp-content\/uploads\/2019\/06\/SALA-3-6-1411x1080.jpg 1411w, https:\/\/www.grubaart.pl\/wp-content\/uploads\/2019\/06\/SALA-3-6.jpg 2044w\" sizes=\"auto, (max-width: 1024px) 100vw, 1024px\" \/><\/figure><\/div>\n\n\n\n<div class=\"wp-block-image\"><figure class=\"aligncenter\"><img loading=\"lazy\" decoding=\"async\" width=\"1024\" height=\"784\" src=\"http:\/\/www.grubaart.pl\/wp-content\/uploads\/2019\/06\/SALA-4-3-1024x784.jpg\" alt=\"\" class=\"wp-image-942\" srcset=\"https:\/\/www.grubaart.pl\/wp-content\/uploads\/2019\/06\/SALA-4-3-1024x784.jpg 1024w, https:\/\/www.grubaart.pl\/wp-content\/uploads\/2019\/06\/SALA-4-3-300x230.jpg 300w, https:\/\/www.grubaart.pl\/wp-content\/uploads\/2019\/06\/SALA-4-3-768x588.jpg 768w, https:\/\/www.grubaart.pl\/wp-content\/uploads\/2019\/06\/SALA-4-3-1411x1080.jpg 1411w, https:\/\/www.grubaart.pl\/wp-content\/uploads\/2019\/06\/SALA-4-3.jpg 2044w\" sizes=\"auto, (max-width: 1024px) 100vw, 1024px\" \/><\/figure><\/div>\n\n\n\n<div class=\"wp-block-image\"><figure class=\"aligncenter\"><img loading=\"lazy\" decoding=\"async\" width=\"1024\" height=\"784\" src=\"http:\/\/www.grubaart.pl\/wp-content\/uploads\/2019\/06\/SALA-4-4-1024x784.jpg\" alt=\"\" class=\"wp-image-943\" srcset=\"https:\/\/www.grubaart.pl\/wp-content\/uploads\/2019\/06\/SALA-4-4-1024x784.jpg 1024w, https:\/\/www.grubaart.pl\/wp-content\/uploads\/2019\/06\/SALA-4-4-300x230.jpg 300w, https:\/\/www.grubaart.pl\/wp-content\/uploads\/2019\/06\/SALA-4-4-768x588.jpg 768w, https:\/\/www.grubaart.pl\/wp-content\/uploads\/2019\/06\/SALA-4-4-1411x1080.jpg 1411w, https:\/\/www.grubaart.pl\/wp-content\/uploads\/2019\/06\/SALA-4-4.jpg 2044w\" sizes=\"auto, (max-width: 1024px) 100vw, 1024px\" \/><\/figure><\/div>\n\n\n\n<div class=\"wp-block-image\"><figure class=\"aligncenter\"><img loading=\"lazy\" decoding=\"async\" width=\"1024\" height=\"784\" src=\"http:\/\/www.grubaart.pl\/wp-content\/uploads\/2019\/06\/SALA-4-5-1024x784.jpg\" alt=\"\" class=\"wp-image-944\" srcset=\"https:\/\/www.grubaart.pl\/wp-content\/uploads\/2019\/06\/SALA-4-5-1024x784.jpg 1024w, https:\/\/www.grubaart.pl\/wp-content\/uploads\/2019\/06\/SALA-4-5-300x230.jpg 300w, https:\/\/www.grubaart.pl\/wp-content\/uploads\/2019\/06\/SALA-4-5-768x588.jpg 768w, https:\/\/www.grubaart.pl\/wp-content\/uploads\/2019\/06\/SALA-4-5-1411x1080.jpg 1411w, https:\/\/www.grubaart.pl\/wp-content\/uploads\/2019\/06\/SALA-4-5.jpg 2044w\" sizes=\"auto, (max-width: 1024px) 100vw, 1024px\" \/><\/figure><\/div>\n","protected":false},"excerpt":{"rendered":"<p>Projekt aran\u017cacji sto\u0142\u00f3wki szkolnej &#8211; na etapie realizacji.<\/p>\n","protected":false},"author":1,"featured_media":0,"parent":0,"menu_order":0,"comment_status":"closed","ping_status":"closed","template":"","meta":{"footnotes":""},"class_list":["post-326","page","type-page","status-publish","hentry"],"_links":{"self":[{"href":"https:\/\/www.grubaart.pl\/index.php\/wp-json\/wp\/v2\/pages\/326","targetHints":{"allow":["GET"]}}],"collection":[{"href":"https:\/\/www.grubaart.pl\/index.php\/wp-json\/wp\/v2\/pages"}],"about":[{"href":"https:\/\/www.grubaart.pl\/index.php\/wp-json\/wp\/v2\/types\/page"}],"author":[{"embeddable":true,"href":"https:\/\/www.grubaart.pl\/index.php\/wp-json\/wp\/v2\/users\/1"}],"replies":[{"embeddable":true,"href":"https:\/\/www.grubaart.pl\/index.php\/wp-json\/wp\/v2\/comments?post=326"}],"version-history":[{"count":5,"href":"https:\/\/www.grubaart.pl\/index.php\/wp-json\/wp\/v2\/pages\/326\/revisions"}],"predecessor-version":[{"id":1148,"href":"https:\/\/www.grubaart.pl\/index.php\/wp-json\/wp\/v2\/pages\/326\/revisions\/1148"}],"wp:attachment":[{"href":"https:\/\/www.grubaart.pl\/index.php\/wp-json\/wp\/v2\/media?parent=326"}],"curies":[{"name":"wp","href":"https:\/\/api.w.org\/{rel}","templated":true}]}}