{"id":314,"date":"2019-06-19T19:35:44","date_gmt":"2019-06-19T19:35:44","guid":{"rendered":"http:\/\/www.grubaart.pl\/?page_id=314"},"modified":"2019-09-17T19:11:16","modified_gmt":"2019-09-17T19:11:16","slug":"przedszkole-w-kielpinie","status":"publish","type":"page","link":"https:\/\/www.grubaart.pl\/index.php\/przedszkole-w-kielpinie\/","title":{"rendered":"Przedszkole w Kie\u0142pinie"},"content":{"rendered":"\n<h5 class=\"wp-block-heading\" style=\"text-align:center\"> <br>Projekt aran\u017cacji pomieszcze\u0144 przedszkola wraz z wykonaniem malunk\u00f3w artystycznych \u015bciennych. <\/h5>\n\n\n\n<div class=\"wp-block-image\"><figure class=\"aligncenter\"><img loading=\"lazy\" decoding=\"async\" width=\"1024\" height=\"768\" src=\"http:\/\/www.grubaart.pl\/wp-content\/uploads\/2019\/06\/9961-1024x768.jpg\" alt=\"\" class=\"wp-image-771\" srcset=\"https:\/\/www.grubaart.pl\/wp-content\/uploads\/2019\/06\/9961.jpg 1024w, https:\/\/www.grubaart.pl\/wp-content\/uploads\/2019\/06\/9961-300x225.jpg 300w, https:\/\/www.grubaart.pl\/wp-content\/uploads\/2019\/06\/9961-768x576.jpg 768w\" sizes=\"auto, (max-width: 1024px) 100vw, 1024px\" \/><\/figure><\/div>\n\n\n\n<div class=\"wp-block-image\"><figure class=\"aligncenter\"><img loading=\"lazy\" decoding=\"async\" width=\"1008\" height=\"768\" src=\"http:\/\/www.grubaart.pl\/wp-content\/uploads\/2019\/06\/9962.jpg\" alt=\"\" class=\"wp-image-772\" srcset=\"https:\/\/www.grubaart.pl\/wp-content\/uploads\/2019\/06\/9962.jpg 1008w, https:\/\/www.grubaart.pl\/wp-content\/uploads\/2019\/06\/9962-300x229.jpg 300w, https:\/\/www.grubaart.pl\/wp-content\/uploads\/2019\/06\/9962-768x585.jpg 768w\" sizes=\"auto, (max-width: 1008px) 100vw, 1008px\" \/><\/figure><\/div>\n\n\n\n<div class=\"wp-block-image\"><figure class=\"aligncenter\"><img loading=\"lazy\" decoding=\"async\" width=\"1001\" height=\"768\" src=\"http:\/\/www.grubaart.pl\/wp-content\/uploads\/2019\/06\/9963.jpg\" alt=\"\" class=\"wp-image-773\" srcset=\"https:\/\/www.grubaart.pl\/wp-content\/uploads\/2019\/06\/9963.jpg 1001w, https:\/\/www.grubaart.pl\/wp-content\/uploads\/2019\/06\/9963-300x230.jpg 300w, https:\/\/www.grubaart.pl\/wp-content\/uploads\/2019\/06\/9963-768x589.jpg 768w\" sizes=\"auto, (max-width: 1001px) 100vw, 1001px\" \/><\/figure><\/div>\n\n\n\n<div class=\"wp-block-image\"><figure class=\"aligncenter\"><img loading=\"lazy\" decoding=\"async\" width=\"1024\" height=\"768\" src=\"http:\/\/www.grubaart.pl\/wp-content\/uploads\/2019\/06\/9964-1024x768.jpg\" alt=\"\" class=\"wp-image-774\" srcset=\"https:\/\/www.grubaart.pl\/wp-content\/uploads\/2019\/06\/9964.jpg 1024w, https:\/\/www.grubaart.pl\/wp-content\/uploads\/2019\/06\/9964-300x225.jpg 300w, https:\/\/www.grubaart.pl\/wp-content\/uploads\/2019\/06\/9964-768x576.jpg 768w\" sizes=\"auto, (max-width: 1024px) 100vw, 1024px\" \/><\/figure><\/div>\n\n\n\n<div class=\"wp-block-image\"><figure class=\"aligncenter\"><img loading=\"lazy\" decoding=\"async\" width=\"576\" height=\"768\" src=\"http:\/\/www.grubaart.pl\/wp-content\/uploads\/2019\/06\/9965.jpg\" alt=\"\" class=\"wp-image-775\" srcset=\"https:\/\/www.grubaart.pl\/wp-content\/uploads\/2019\/06\/9965.jpg 576w, https:\/\/www.grubaart.pl\/wp-content\/uploads\/2019\/06\/9965-225x300.jpg 225w\" sizes=\"auto, (max-width: 576px) 100vw, 576px\" \/><\/figure><\/div>\n\n\n\n<div class=\"wp-block-image\"><figure class=\"aligncenter\"><img loading=\"lazy\" decoding=\"async\" width=\"565\" height=\"768\" src=\"http:\/\/www.grubaart.pl\/wp-content\/uploads\/2019\/06\/9966.jpg\" alt=\"\" class=\"wp-image-776\" srcset=\"https:\/\/www.grubaart.pl\/wp-content\/uploads\/2019\/06\/9966.jpg 565w, https:\/\/www.grubaart.pl\/wp-content\/uploads\/2019\/06\/9966-221x300.jpg 221w\" sizes=\"auto, (max-width: 565px) 100vw, 565px\" \/><\/figure><\/div>\n\n\n\n<div class=\"wp-block-image\"><figure class=\"aligncenter\"><img loading=\"lazy\" decoding=\"async\" width=\"1024\" height=\"725\" src=\"http:\/\/www.grubaart.pl\/wp-content\/uploads\/2019\/06\/9967-1024x725.jpg\" alt=\"\" class=\"wp-image-777\" srcset=\"https:\/\/www.grubaart.pl\/wp-content\/uploads\/2019\/06\/9967-1024x725.jpg 1024w, https:\/\/www.grubaart.pl\/wp-content\/uploads\/2019\/06\/9967-300x213.jpg 300w, https:\/\/www.grubaart.pl\/wp-content\/uploads\/2019\/06\/9967-768x544.jpg 768w, https:\/\/www.grubaart.pl\/wp-content\/uploads\/2019\/06\/9967.jpg 1084w\" sizes=\"auto, (max-width: 1024px) 100vw, 1024px\" \/><\/figure><\/div>\n\n\n\n<div class=\"wp-block-image\"><figure class=\"aligncenter\"><img loading=\"lazy\" decoding=\"async\" width=\"576\" height=\"768\" src=\"http:\/\/www.grubaart.pl\/wp-content\/uploads\/2019\/06\/9968.jpg\" alt=\"\" class=\"wp-image-778\" srcset=\"https:\/\/www.grubaart.pl\/wp-content\/uploads\/2019\/06\/9968.jpg 576w, https:\/\/www.grubaart.pl\/wp-content\/uploads\/2019\/06\/9968-225x300.jpg 225w\" sizes=\"auto, (max-width: 576px) 100vw, 576px\" \/><\/figure><\/div>\n\n\n\n<div class=\"wp-block-image\"><figure class=\"aligncenter\"><img loading=\"lazy\" decoding=\"async\" width=\"1024\" height=\"763\" src=\"http:\/\/www.grubaart.pl\/wp-content\/uploads\/2019\/06\/9969-1024x763.jpg\" alt=\"\" class=\"wp-image-779\" srcset=\"https:\/\/www.grubaart.pl\/wp-content\/uploads\/2019\/06\/9969-1024x763.jpg 1024w, https:\/\/www.grubaart.pl\/wp-content\/uploads\/2019\/06\/9969-300x223.jpg 300w, https:\/\/www.grubaart.pl\/wp-content\/uploads\/2019\/06\/9969-768x572.jpg 768w, https:\/\/www.grubaart.pl\/wp-content\/uploads\/2019\/06\/9969.jpg 1031w\" sizes=\"auto, (max-width: 1024px) 100vw, 1024px\" \/><\/figure><\/div>\n\n\n\n<div class=\"wp-block-image\"><figure class=\"aligncenter\"><img loading=\"lazy\" decoding=\"async\" width=\"620\" height=\"768\" src=\"http:\/\/www.grubaart.pl\/wp-content\/uploads\/2019\/06\/9970.jpg\" alt=\"\" class=\"wp-image-780\" srcset=\"https:\/\/www.grubaart.pl\/wp-content\/uploads\/2019\/06\/9970.jpg 620w, https:\/\/www.grubaart.pl\/wp-content\/uploads\/2019\/06\/9970-242x300.jpg 242w\" sizes=\"auto, (max-width: 620px) 100vw, 620px\" \/><\/figure><\/div>\n\n\n\n<div class=\"wp-block-image\"><figure class=\"aligncenter\"><img loading=\"lazy\" decoding=\"async\" width=\"602\" height=\"768\" src=\"http:\/\/www.grubaart.pl\/wp-content\/uploads\/2019\/06\/9971.jpg\" alt=\"\" class=\"wp-image-781\" srcset=\"https:\/\/www.grubaart.pl\/wp-content\/uploads\/2019\/06\/9971.jpg 602w, https:\/\/www.grubaart.pl\/wp-content\/uploads\/2019\/06\/9971-235x300.jpg 235w\" sizes=\"auto, (max-width: 602px) 100vw, 602px\" \/><\/figure><\/div>\n\n\n\n<div class=\"wp-block-image\"><figure class=\"aligncenter\"><img loading=\"lazy\" decoding=\"async\" width=\"576\" height=\"768\" src=\"http:\/\/www.grubaart.pl\/wp-content\/uploads\/2019\/06\/9934.jpg\" alt=\"\" class=\"wp-image-782\" srcset=\"https:\/\/www.grubaart.pl\/wp-content\/uploads\/2019\/06\/9934.jpg 576w, https:\/\/www.grubaart.pl\/wp-content\/uploads\/2019\/06\/9934-225x300.jpg 225w\" sizes=\"auto, (max-width: 576px) 100vw, 576px\" \/><\/figure><\/div>\n\n\n\n<div class=\"wp-block-image\"><figure class=\"aligncenter\"><img loading=\"lazy\" decoding=\"async\" width=\"576\" height=\"768\" src=\"http:\/\/www.grubaart.pl\/wp-content\/uploads\/2019\/06\/9935.jpg\" alt=\"\" class=\"wp-image-783\" srcset=\"https:\/\/www.grubaart.pl\/wp-content\/uploads\/2019\/06\/9935.jpg 576w, https:\/\/www.grubaart.pl\/wp-content\/uploads\/2019\/06\/9935-225x300.jpg 225w\" sizes=\"auto, (max-width: 576px) 100vw, 576px\" \/><\/figure><\/div>\n\n\n\n<div class=\"wp-block-image\"><figure class=\"aligncenter\"><img loading=\"lazy\" decoding=\"async\" width=\"576\" height=\"768\" src=\"http:\/\/www.grubaart.pl\/wp-content\/uploads\/2019\/06\/9936.jpg\" alt=\"\" class=\"wp-image-784\" srcset=\"https:\/\/www.grubaart.pl\/wp-content\/uploads\/2019\/06\/9936.jpg 576w, https:\/\/www.grubaart.pl\/wp-content\/uploads\/2019\/06\/9936-225x300.jpg 225w\" sizes=\"auto, (max-width: 576px) 100vw, 576px\" \/><\/figure><\/div>\n\n\n\n<div class=\"wp-block-image\"><figure class=\"aligncenter\"><img loading=\"lazy\" decoding=\"async\" width=\"576\" height=\"768\" src=\"http:\/\/www.grubaart.pl\/wp-content\/uploads\/2019\/06\/9937.jpg\" alt=\"\" class=\"wp-image-785\" srcset=\"https:\/\/www.grubaart.pl\/wp-content\/uploads\/2019\/06\/9937.jpg 576w, https:\/\/www.grubaart.pl\/wp-content\/uploads\/2019\/06\/9937-225x300.jpg 225w\" sizes=\"auto, (max-width: 576px) 100vw, 576px\" \/><\/figure><\/div>\n\n\n\n<div class=\"wp-block-image\"><figure class=\"aligncenter\"><img loading=\"lazy\" decoding=\"async\" width=\"576\" height=\"768\" src=\"http:\/\/www.grubaart.pl\/wp-content\/uploads\/2019\/06\/9938.jpg\" alt=\"\" class=\"wp-image-786\" srcset=\"https:\/\/www.grubaart.pl\/wp-content\/uploads\/2019\/06\/9938.jpg 576w, https:\/\/www.grubaart.pl\/wp-content\/uploads\/2019\/06\/9938-225x300.jpg 225w\" sizes=\"auto, (max-width: 576px) 100vw, 576px\" \/><\/figure><\/div>\n\n\n\n<div class=\"wp-block-image\"><figure class=\"aligncenter\"><img loading=\"lazy\" decoding=\"async\" width=\"576\" height=\"768\" src=\"http:\/\/www.grubaart.pl\/wp-content\/uploads\/2019\/06\/9940.jpg\" alt=\"\" class=\"wp-image-788\" srcset=\"https:\/\/www.grubaart.pl\/wp-content\/uploads\/2019\/06\/9940.jpg 576w, https:\/\/www.grubaart.pl\/wp-content\/uploads\/2019\/06\/9940-225x300.jpg 225w\" sizes=\"auto, (max-width: 576px) 100vw, 576px\" \/><\/figure><\/div>\n\n\n\n<div class=\"wp-block-image\"><figure class=\"aligncenter\"><img loading=\"lazy\" decoding=\"async\" width=\"1024\" height=\"768\" src=\"http:\/\/www.grubaart.pl\/wp-content\/uploads\/2019\/06\/9942-1024x768.jpg\" alt=\"\" class=\"wp-image-790\" srcset=\"https:\/\/www.grubaart.pl\/wp-content\/uploads\/2019\/06\/9942.jpg 1024w, https:\/\/www.grubaart.pl\/wp-content\/uploads\/2019\/06\/9942-300x225.jpg 300w, https:\/\/www.grubaart.pl\/wp-content\/uploads\/2019\/06\/9942-768x576.jpg 768w\" sizes=\"auto, (max-width: 1024px) 100vw, 1024px\" \/><figcaption>SAMSUNG CAMERA PICTURES<\/figcaption><\/figure><\/div>\n\n\n\n<div class=\"wp-block-image\"><figure class=\"aligncenter\"><img loading=\"lazy\" decoding=\"async\" width=\"576\" height=\"768\" src=\"http:\/\/www.grubaart.pl\/wp-content\/uploads\/2019\/06\/9943.jpg\" alt=\"\" class=\"wp-image-791\" srcset=\"https:\/\/www.grubaart.pl\/wp-content\/uploads\/2019\/06\/9943.jpg 576w, https:\/\/www.grubaart.pl\/wp-content\/uploads\/2019\/06\/9943-225x300.jpg 225w\" sizes=\"auto, (max-width: 576px) 100vw, 576px\" \/><\/figure><\/div>\n\n\n\n<div class=\"wp-block-image\"><figure class=\"aligncenter\"><img loading=\"lazy\" decoding=\"async\" width=\"576\" height=\"768\" src=\"http:\/\/www.grubaart.pl\/wp-content\/uploads\/2019\/06\/9944.jpg\" alt=\"\" class=\"wp-image-792\" srcset=\"https:\/\/www.grubaart.pl\/wp-content\/uploads\/2019\/06\/9944.jpg 576w, https:\/\/www.grubaart.pl\/wp-content\/uploads\/2019\/06\/9944-225x300.jpg 225w\" sizes=\"auto, (max-width: 576px) 100vw, 576px\" \/><\/figure><\/div>\n\n\n\n<div class=\"wp-block-image\"><figure class=\"aligncenter\"><img loading=\"lazy\" decoding=\"async\" width=\"576\" height=\"768\" src=\"http:\/\/www.grubaart.pl\/wp-content\/uploads\/2019\/06\/9945.jpg\" alt=\"\" class=\"wp-image-793\" srcset=\"https:\/\/www.grubaart.pl\/wp-content\/uploads\/2019\/06\/9945.jpg 576w, https:\/\/www.grubaart.pl\/wp-content\/uploads\/2019\/06\/9945-225x300.jpg 225w\" sizes=\"auto, (max-width: 576px) 100vw, 576px\" \/><\/figure><\/div>\n\n\n\n<div class=\"wp-block-image\"><figure class=\"aligncenter\"><img loading=\"lazy\" decoding=\"async\" width=\"1024\" height=\"768\" src=\"http:\/\/www.grubaart.pl\/wp-content\/uploads\/2019\/06\/9946-1024x768.jpg\" alt=\"\" class=\"wp-image-794\" srcset=\"https:\/\/www.grubaart.pl\/wp-content\/uploads\/2019\/06\/9946.jpg 1024w, https:\/\/www.grubaart.pl\/wp-content\/uploads\/2019\/06\/9946-300x225.jpg 300w, https:\/\/www.grubaart.pl\/wp-content\/uploads\/2019\/06\/9946-768x576.jpg 768w\" sizes=\"auto, (max-width: 1024px) 100vw, 1024px\" \/><\/figure><\/div>\n\n\n\n<div class=\"wp-block-image\"><figure class=\"aligncenter\"><img loading=\"lazy\" decoding=\"async\" width=\"1024\" height=\"768\" src=\"http:\/\/www.grubaart.pl\/wp-content\/uploads\/2019\/06\/9947-1024x768.jpg\" alt=\"\" class=\"wp-image-795\" srcset=\"https:\/\/www.grubaart.pl\/wp-content\/uploads\/2019\/06\/9947.jpg 1024w, https:\/\/www.grubaart.pl\/wp-content\/uploads\/2019\/06\/9947-300x225.jpg 300w, https:\/\/www.grubaart.pl\/wp-content\/uploads\/2019\/06\/9947-768x576.jpg 768w\" sizes=\"auto, (max-width: 1024px) 100vw, 1024px\" \/><\/figure><\/div>\n\n\n\n<div class=\"wp-block-image\"><figure class=\"aligncenter\"><img loading=\"lazy\" decoding=\"async\" width=\"594\" height=\"768\" src=\"http:\/\/www.grubaart.pl\/wp-content\/uploads\/2019\/06\/9948.jpg\" alt=\"\" class=\"wp-image-796\" srcset=\"https:\/\/www.grubaart.pl\/wp-content\/uploads\/2019\/06\/9948.jpg 594w, https:\/\/www.grubaart.pl\/wp-content\/uploads\/2019\/06\/9948-232x300.jpg 232w\" sizes=\"auto, (max-width: 594px) 100vw, 594px\" \/><\/figure><\/div>\n\n\n\n<div class=\"wp-block-image\"><figure class=\"aligncenter\"><img loading=\"lazy\" decoding=\"async\" width=\"1024\" height=\"768\" src=\"http:\/\/www.grubaart.pl\/wp-content\/uploads\/2019\/06\/9949-1024x768.jpg\" alt=\"\" class=\"wp-image-797\" srcset=\"https:\/\/www.grubaart.pl\/wp-content\/uploads\/2019\/06\/9949.jpg 1024w, https:\/\/www.grubaart.pl\/wp-content\/uploads\/2019\/06\/9949-300x225.jpg 300w, https:\/\/www.grubaart.pl\/wp-content\/uploads\/2019\/06\/9949-768x576.jpg 768w\" sizes=\"auto, (max-width: 1024px) 100vw, 1024px\" \/><\/figure><\/div>\n\n\n\n<div class=\"wp-block-image\"><figure class=\"aligncenter\"><img loading=\"lazy\" decoding=\"async\" width=\"994\" height=\"768\" src=\"http:\/\/www.grubaart.pl\/wp-content\/uploads\/2019\/06\/9950.jpg\" alt=\"\" class=\"wp-image-798\" srcset=\"https:\/\/www.grubaart.pl\/wp-content\/uploads\/2019\/06\/9950.jpg 994w, https:\/\/www.grubaart.pl\/wp-content\/uploads\/2019\/06\/9950-300x232.jpg 300w, https:\/\/www.grubaart.pl\/wp-content\/uploads\/2019\/06\/9950-768x593.jpg 768w\" sizes=\"auto, (max-width: 994px) 100vw, 994px\" \/><\/figure><\/div>\n\n\n\n<div class=\"wp-block-image\"><figure class=\"aligncenter\"><img loading=\"lazy\" decoding=\"async\" width=\"1024\" height=\"715\" src=\"http:\/\/www.grubaart.pl\/wp-content\/uploads\/2019\/06\/9951-1024x715.jpg\" alt=\"\" class=\"wp-image-799\" srcset=\"https:\/\/www.grubaart.pl\/wp-content\/uploads\/2019\/06\/9951-1024x715.jpg 1024w, https:\/\/www.grubaart.pl\/wp-content\/uploads\/2019\/06\/9951-300x209.jpg 300w, https:\/\/www.grubaart.pl\/wp-content\/uploads\/2019\/06\/9951-768x536.jpg 768w, https:\/\/www.grubaart.pl\/wp-content\/uploads\/2019\/06\/9951.jpg 1100w\" sizes=\"auto, (max-width: 1024px) 100vw, 1024px\" \/><\/figure><\/div>\n\n\n\n<div class=\"wp-block-image\"><figure class=\"aligncenter\"><img loading=\"lazy\" decoding=\"async\" width=\"576\" height=\"768\" src=\"http:\/\/www.grubaart.pl\/wp-content\/uploads\/2019\/06\/9952.jpg\" alt=\"\" class=\"wp-image-800\" srcset=\"https:\/\/www.grubaart.pl\/wp-content\/uploads\/2019\/06\/9952.jpg 576w, https:\/\/www.grubaart.pl\/wp-content\/uploads\/2019\/06\/9952-225x300.jpg 225w\" sizes=\"auto, (max-width: 576px) 100vw, 576px\" \/><\/figure><\/div>\n\n\n\n<div class=\"wp-block-image\"><figure class=\"aligncenter\"><img loading=\"lazy\" decoding=\"async\" width=\"992\" height=\"768\" src=\"http:\/\/www.grubaart.pl\/wp-content\/uploads\/2019\/06\/9953.jpg\" alt=\"\" class=\"wp-image-801\" srcset=\"https:\/\/www.grubaart.pl\/wp-content\/uploads\/2019\/06\/9953.jpg 992w, https:\/\/www.grubaart.pl\/wp-content\/uploads\/2019\/06\/9953-300x232.jpg 300w, https:\/\/www.grubaart.pl\/wp-content\/uploads\/2019\/06\/9953-768x595.jpg 768w\" sizes=\"auto, (max-width: 992px) 100vw, 992px\" \/><\/figure><\/div>\n\n\n\n<div class=\"wp-block-image\"><figure class=\"aligncenter\"><img loading=\"lazy\" decoding=\"async\" width=\"1024\" height=\"705\" src=\"http:\/\/www.grubaart.pl\/wp-content\/uploads\/2019\/06\/9954-1024x705.jpg\" alt=\"\" class=\"wp-image-802\" srcset=\"https:\/\/www.grubaart.pl\/wp-content\/uploads\/2019\/06\/9954-1024x705.jpg 1024w, https:\/\/www.grubaart.pl\/wp-content\/uploads\/2019\/06\/9954-300x206.jpg 300w, https:\/\/www.grubaart.pl\/wp-content\/uploads\/2019\/06\/9954-768x529.jpg 768w, https:\/\/www.grubaart.pl\/wp-content\/uploads\/2019\/06\/9954.jpg 1116w\" sizes=\"auto, (max-width: 1024px) 100vw, 1024px\" \/><\/figure><\/div>\n\n\n\n<div class=\"wp-block-image\"><figure class=\"aligncenter\"><img loading=\"lazy\" decoding=\"async\" width=\"1024\" height=\"748\" src=\"http:\/\/www.grubaart.pl\/wp-content\/uploads\/2019\/06\/9955-1024x748.jpg\" alt=\"\" class=\"wp-image-803\" srcset=\"https:\/\/www.grubaart.pl\/wp-content\/uploads\/2019\/06\/9955-1024x748.jpg 1024w, https:\/\/www.grubaart.pl\/wp-content\/uploads\/2019\/06\/9955-300x219.jpg 300w, https:\/\/www.grubaart.pl\/wp-content\/uploads\/2019\/06\/9955-768x561.jpg 768w, https:\/\/www.grubaart.pl\/wp-content\/uploads\/2019\/06\/9955.jpg 1052w\" sizes=\"auto, (max-width: 1024px) 100vw, 1024px\" \/><\/figure><\/div>\n\n\n\n<div class=\"wp-block-image\"><figure class=\"aligncenter\"><img loading=\"lazy\" decoding=\"async\" width=\"1024\" height=\"745\" src=\"http:\/\/www.grubaart.pl\/wp-content\/uploads\/2019\/06\/9956-1024x745.jpg\" alt=\"\" class=\"wp-image-804\" srcset=\"https:\/\/www.grubaart.pl\/wp-content\/uploads\/2019\/06\/9956-1024x745.jpg 1024w, https:\/\/www.grubaart.pl\/wp-content\/uploads\/2019\/06\/9956-300x218.jpg 300w, https:\/\/www.grubaart.pl\/wp-content\/uploads\/2019\/06\/9956-768x559.jpg 768w, https:\/\/www.grubaart.pl\/wp-content\/uploads\/2019\/06\/9956.jpg 1055w\" sizes=\"auto, (max-width: 1024px) 100vw, 1024px\" \/><\/figure><\/div>\n\n\n\n<div class=\"wp-block-image\"><figure class=\"aligncenter\"><img loading=\"lazy\" decoding=\"async\" width=\"1024\" height=\"764\" src=\"http:\/\/www.grubaart.pl\/wp-content\/uploads\/2019\/06\/9957-1024x764.jpg\" alt=\"\" class=\"wp-image-805\" srcset=\"https:\/\/www.grubaart.pl\/wp-content\/uploads\/2019\/06\/9957-1024x764.jpg 1024w, https:\/\/www.grubaart.pl\/wp-content\/uploads\/2019\/06\/9957-300x224.jpg 300w, https:\/\/www.grubaart.pl\/wp-content\/uploads\/2019\/06\/9957-768x573.jpg 768w, https:\/\/www.grubaart.pl\/wp-content\/uploads\/2019\/06\/9957.jpg 1029w\" sizes=\"auto, (max-width: 1024px) 100vw, 1024px\" \/><\/figure><\/div>\n","protected":false},"excerpt":{"rendered":"<p>Projekt aran\u017cacji pomieszcze\u0144 przedszkola wraz z wykonaniem malunk\u00f3w artystycznych \u015bciennych.<\/p>\n","protected":false},"author":1,"featured_media":797,"parent":0,"menu_order":0,"comment_status":"closed","ping_status":"closed","template":"","meta":{"footnotes":""},"class_list":["post-314","page","type-page","status-publish","has-post-thumbnail","hentry"],"_links":{"self":[{"href":"https:\/\/www.grubaart.pl\/index.php\/wp-json\/wp\/v2\/pages\/314","targetHints":{"allow":["GET"]}}],"collection":[{"href":"https:\/\/www.grubaart.pl\/index.php\/wp-json\/wp\/v2\/pages"}],"about":[{"href":"https:\/\/www.grubaart.pl\/index.php\/wp-json\/wp\/v2\/types\/page"}],"author":[{"embeddable":true,"href":"https:\/\/www.grubaart.pl\/index.php\/wp-json\/wp\/v2\/users\/1"}],"replies":[{"embeddable":true,"href":"https:\/\/www.grubaart.pl\/index.php\/wp-json\/wp\/v2\/comments?post=314"}],"version-history":[{"count":4,"href":"https:\/\/www.grubaart.pl\/index.php\/wp-json\/wp\/v2\/pages\/314\/revisions"}],"predecessor-version":[{"id":1144,"href":"https:\/\/www.grubaart.pl\/index.php\/wp-json\/wp\/v2\/pages\/314\/revisions\/1144"}],"wp:featuredmedia":[{"embeddable":true,"href":"https:\/\/www.grubaart.pl\/index.php\/wp-json\/wp\/v2\/media\/797"}],"wp:attachment":[{"href":"https:\/\/www.grubaart.pl\/index.php\/wp-json\/wp\/v2\/media?parent=314"}],"curies":[{"name":"wp","href":"https:\/\/api.w.org\/{rel}","templated":true}]}}